 be v(1). Let i = y - -22. Calculate the remainder when 44 is divided by i.
14
Suppose 0 = 32*d - 33*d + 36. What is the remainder when 139 is divided by d?
31
Let i = 21 + -15. Let n = 8 - i. What is the remainder when 4 is divided by n?
0
Let j(c) = 2*c - 2. Let t be j(3). Suppose 5 = -t*z + 37. Calculate the remainder when z is divided by 5.
3
Let l(h) = h**2 - 4*h + 8. What is the remainder when l(6) is divided by 3?
2
Let a(s) = -s**3 - s**2 + 3*s - 3. Let j be 20*3/(-3)*-2. Suppose -j = -4*w + 24. What is the remainder when w is divided by a(-3)?
4
Let p(v) = -v**2 + 6*v - 6. Let a be p(5). Let l = 2 + a. Suppose -z - b = -0*b - 2, 4*b = -2*z + 4. What is the remainder when z is divided by l?
0
Let q(o) = 2*o**2 - 3*o - 3. Let z be q(3). Let r be 27/(-6)*(-2)/3. Let t = z - r. Calculate the remainder when 5 is divided by t.
2
Let q(g) = g**2 - 2*g + 8. Calculate the remainder when q(7) is divided by 23.
20
Let b(i) = -10*i - 5. Let d(m) = -7*m - 3. Let c(z) = -5*b(z) + 7*d(z). Let l(r) = -r - 6. Calculate the remainder when c(0) is divided by l(-9).
1
Let n = -4 + 4. Calculate the remainder when 17 is divided by (n + 3)*(2 - -1).
8
Calculate the remainder when 44 is divided by 7 - (-3 + 1 + 0).
8
Suppose -410 = -4*d + 42. What is the remainder when d is divided by 29?
26
Suppose 0 = 5*o - 169 - 256. Let z = o - 60. Calculate the remainder when z is divided by 13.
12
Let n = 4 - 3. What is the remainder when (-56)/(-2) - (n - 1) is divided by 15?
13
Let u = 188 - 44. Let n = u + -46. Suppose n = -0*s + 5*s + b, 0 = 4*s - b - 82. Calculate the remainder when s is divided by 7.
6
Let u = -59 + 82. What is the remainder when u is divided by 12?
11
Let u(j) = -16*j**3 - 4*j**2 - 4*j. Calculate the remainder when u(-1) is divided by 3.
1
Suppose 0*l = l + 3. Let g(p) = p + 5. Calculate the remainder when g(l) is divided by 1.
0
Let d = -2 - -32. What is the remainder when d is divided by ((-55)/(-10))/1*2?
8
Suppose 70 + 32 = 3*m - 4*c, 3*c = 9. Calculate the remainder when 74 is divided by m.
36
Let g = 92 - 50. Calculate the remainder when g is divided by 11.
9
Let d be 2/(-4) + (-4)/(-8). Suppose d = 2*a - 3*c - 9, 5*c - 3 = 3*a - 16. Calculate the remainder when 16 is divided by a.
4
Let n be -1 - (-7 - -1 - 1). Suppose -z + 5 = -n*z. Calculate the remainder when (-2 + -25 + 2)/z is divided by 9.
7
Let s(t) = -t**2 + 9*t - 10. Calculate the remainder when 28 is divided by s(4).
8
Let r be -1*(-3 + 6) - -7. What is the remainder when 53 is divided by 14 + r/(5 + -4)?
17
Suppose i + 0 = 3. Suppose 9 = -4*n - i*s + 41, -3*s - 45 = -3*n. Let v(m) = m**2 + 5*m - 3. Calculate the remainder when v(3) is divided by n.
10
Let a = -25 + 38. Calculate the remainder when 74 is divided by a.
9
Let k be (6/8)/((-2)/24). Let j(o) = -o**2 - 12*o + 2. What is the remainder when 113 is divided by j(k)?
26
What is the remainder when 13 is divided by (-3)/12 - 21/(-4)?
3
Suppose 3*c - c + 8 = 0, 3*i + c + 4 = 0. Let l = -2 - i. Calculate the remainder when 16 - (l + 2 + 0) is divided by 9.
7
Suppose 3*q - 2*q = 5. Let g(w) = w**3 - 4*w**2 + 2*w - 4. What is the remainder when g(q) is divided by 11?
9
Suppose -4*u + 0*u + 8 = 0. Suppose u*b - 24 = -0*b. Calculate the remainder when 45 is divided by b.
9
Suppose 0 = 3*f + 3, -n - 2*f = 2 + 7. Let a(d) = -8*d + 3. What is the remainder when a(n) is divided by 12?
11
Let a be 8/3*36/(-16). Let u = a + 8. Calculate the remainder when 7 is divided by u.
1
Let h(f) be the second derivative of f**4/12 - f**3/3 - 3*f**2/2 - 2*f. Let s be h(5). Suppose 0*u = -3*u + s. Calculate the remainder when 11 is divided by u.
3
Suppose 2*f + 8 = -4*l, -1 = -4*f - 3*l - 2. Suppose -3*x = f*t + 2*t - 189, x - 4*t = 79. What is the remainder when x is divided by 34?
33
Suppose 49 = 4*o + r, -5*o + 58 = -0*o - 2*r. What is the remainder when (2/(-8))/((-1)/o) is divided by 3?
0
Let x = 21 + -11. Let o be (-2)/x + 64/20. Calculate the remainder when 43 is divided by -9*(20/o)/(-4).
13
Suppose -9*d = -303 - 3. What is the remainder when d is divided by 3/((-1)/(-8)*2)?
10
Let w(o) = o**3 + 5*o**2 - 9*o - 12. Calculate the remainder when 17 is divided by w(-6).
5
Let f(o) = -o - 1. Let q be f(5). Let p = 8 + q. What is the remainder when p - (-21 - (-2 + 1)) is divided by 8?
6
Calculate the remainder when (-4)/14 + 780/35 is divided by (1 + -10)/((-3)/4).
10
Calculate the remainder when (-18)/(2*(-6)/8) is divided by 3.
0
Suppose 5 - 17 = -3*n. Suppose 5*b = 97 + 23. Suppose -n*i + 14 = 3*p - b, p - 20 = -2*i. What is the remainder when 21 is divided by i?
10
Suppose 2*u - 18 = -v + 5*v, 0 = u + v. Suppose 5 = -4*j - 3. What is the remainder when 21/3 - 2/j is divided by u?
2
Suppose 28 = o + 4*f + 5, -o + 18 = 3*f. Suppose o*l = -2*l + 185. Calculate the remainder when l is divided by 20.
17
Suppose 0 = -2*w - 3 - 3. What is the remainder when -15*(20/w)/5 is divided by 8?
4
Suppose -q - 177 = -4*q. Suppose -2*d + 25 = -5. Calculate the remainder when q is divided by d.
14
Suppose 6*r - 14 - 10 = 0. What is the remainder when 5 is divided by r?
1
Suppose c + 114 = 7*c. What is the remainder when 131 is divided by c?
17
Let y(v) = -v - 5. Let a be y(-8). Let l be (-3 - (-4)/a)*-3. Suppose -l = -p + 41. Calculate the remainder when p is divided by 16.
14
Suppose t + 2*l - 3 = -5, -3*t = 4*l + 4. Let o = 7 + t. Suppose 6 = -2*z, 4*h = -4*z + 6 + 34. What is the remainder when h is divided by o?
6
Let h(o) = o**2 - 8*o + 1. Let x(y) = -y**3 + 7*y**2 + 10*y - 4. Let w be x(8). Let c = -3 + w. What is the remainder when 28 is divided by h(c)?
8
Suppose -39 = -3*n + 129. Calculate the remainder when n is divided by 15.
11
Let u = 12 + -9. Suppose 0*c + 4*c - 325 = -u*r, -5*c + 445 = -4*r. Calculate the remainder when c is divided by 584/20 + (-1)/5.
27
Let r = -13 - -23. Let k = -162 + 199. What is the remainder when k is divided by r?
7
Suppose 5*o + 0*x + 3*x = 55, 0 = o - 2*x + 2. What is the remainder when 30 is divided by o?
6
Let o(q) = 18*q - 1. Suppose -4*g - 11 - 1 = 0. What is the remainder when 44 + (-6)/(-2) - g is divided by o(1)?
16
Suppose 2*u + 6 = -0*u, 0 = 4*p - 3*u - 105. Let r = p - 11. Suppose -48 + r = -5*z. Calculate the remainder when 13 is divided by z.
6
Let w(m) = -m - 1. Let x be w(-6). Suppose 6*t = -0*t + 66. Calculate the remainder when (x - 3) + 30 + -1 is divided by t.
9
Let x(a) = 16 - 7 - 4*a**2 + 8*a + 3*a**2. Calculate the remainder when x(7) is divided by 6.
4
Let f = 5 + -1. Suppose -5*i + 3*y = 7*y - 63, -i = -f*y - 27. Suppose 0 = -x + i + 6. What is the remainder when 40 is divided by x?
19
Let c(o) = -o**3 + 11*o**2 + 14*o + 1. What is the remainder when 48 is divided by c(12)?
23
Suppose -113 = -4*j - 3*f, 0 = 2*j + 2*f - 58 - 0. Calculate the remainder when 75 is divided by j.
23
Suppose -6*s + 13*s = 56. What is the remainder when s is divided by 3?
2
Let t(z) = 3*z + 42. Let b(n) = -2*n**3 - 5*n**2 + n + 2. What is the remainder when b(-4) is divided by t(-10)?
10
Let g(v) = 2*v**2 - 3*v - 4. Let r(o) = -2*o**2 + 3*o + 4. Let n(c) = -5*g(c) - 6*r(c). Calculate the remainder when n(-3) is divided by 12.
11
Let w = -11 + 27. Calculate the remainder when (0 + 1)/(2/94) is divided by w.
15
Let p = -2 - -2. Suppose -z + 18 - 1 = p. Calculate the remainder when 402/2*(-1)/(-3) is divided by z.
16
Let n(o) = o**3 + 4*o**2 - 3*o - 3. Calculate the remainder when n(3) is divided by 13.
12
Let l = -29 + 78. What is the remainder when l is divided by 13?
10
Suppose -4*a + p + 28 = 0, 4*a = 3*a + 2*p + 7. What is the remainder when 11 is divided by a?
4
Suppose 79 = 4*w - l, 3*w - 19 = 2*w + l. Let f = 31 - w. Calculate the remainder when f is divided by 3.
2
Let f be 3*(0 + 1) + -3. Let l = 4 + f. Suppose -6*z + 3*z = -30. Calculate the remainder when z is divided by l.
2
Suppose 54*t = 53*t + 46. Calculate the remainder when t is divided by (-2)/7 + (-172)/(-14).
10
Let o = -109 + 114. What is the remainder when 22 is divided by o?
2
Let z be 6*(-3 - 10/(-3)). Suppose 3*c + 21 = z*b, 0 = 2*b + b - 2*c - 19. What is the remainder when b is divided by 3?
0
Let k(r) = -3*r**2 - 12*r + 11. Let o(g) = 17 - 5 - 2*g**2 - 9*g - 3*g. Let u(n) = 3*k(n) - 4*o(n). Calculate the remainder when 14 is divided by u(